{"id":461,"date":"2021-03-10T16:18:58","date_gmt":"2021-03-10T15:18:58","guid":{"rendered":"https:\/\/rdv.raimbault.notaires.fr\/rairdv\/?page_id=461"},"modified":"2021-04-10T14:55:14","modified_gmt":"2021-04-10T12:55:14","slug":"contact-notaire","status":"publish","type":"page","link":"https:\/\/rdv.raimbault.notaires.fr\/rairdv\/contact-notaire\/","title":{"rendered":"Contacter votre notaire \u00e0 Aiffres"},"content":{"rendered":"<p>[et_pb_section fb_built=\u00a0\u00bb1&Prime; _builder_version=\u00a0\u00bb4.8.1&Prime; background_color=\u00a0\u00bb#ededed\u00a0\u00bb custom_margin=\u00a0\u00bb||||false|false\u00a0\u00bb][et_pb_row use_custom_gutter=\u00a0\u00bbon\u00a0\u00bb gutter_width=\u00a0\u00bb1&Prime; make_equal=\u00a0\u00bbon\u00a0\u00bb padding_top_bottom_link_2=\u00a0\u00bbtrue\u00a0\u00bb padding_left_right_link_2=\u00a0\u00bbtrue\u00a0\u00bb _builder_version=\u00a0\u00bb4.8.1&Prime; width=\u00a0\u00bb100%\u00a0\u00bb max_width=\u00a0\u00bb100%\u00a0\u00bb custom_margin=\u00a0\u00bb||||false|false\u00a0\u00bb custom_padding=\u00a0\u00bb116px||116px||true|false\u00a0\u00bb][et_pb_column type=\u00a0\u00bb4_4&Prime; _builder_version=\u00a0\u00bb3.25&Prime; background_color=\u00a0\u00bb#ededed\u00a0\u00bb custom_padding=\u00a0\u00bb|||\u00a0\u00bb custom_padding__hover=\u00a0\u00bb|||\u00a0\u00bb][et_pb_text _builder_version=\u00a0\u00bb4.8.1&Prime; text_font=\u00a0\u00bbPoppins|700|||||||\u00a0\u00bb text_text_color=\u00a0\u00bb#344d6c\u00a0\u00bb text_font_size=\u00a0\u00bb40px\u00a0\u00bb text_line_height=\u00a0\u00bb1.3em\u00a0\u00bb max_width=\u00a0\u00bb900px\u00a0\u00bb max_width_tablet=\u00a0\u00bb\u00a0\u00bb max_width_phone=\u00a0\u00bb100%\u00a0\u00bb max_width_last_edited=\u00a0\u00bbon|desktop\u00a0\u00bb module_alignment=\u00a0\u00bbleft\u00a0\u00bb custom_margin=\u00a0\u00bb40px||20px||false|false\u00a0\u00bb custom_margin_tablet=\u00a0\u00bb-10px||||false|false\u00a0\u00bb custom_margin_phone=\u00a0\u00bb-10px||||false|false\u00a0\u00bb custom_margin_last_edited=\u00a0\u00bbon|phone\u00a0\u00bb custom_padding=\u00a0\u00bb|40px||40px|false|true\u00a0\u00bb text_font_size_tablet=\u00a0\u00bb\u00a0\u00bb text_font_size_phone=\u00a0\u00bb30px\u00a0\u00bb text_font_size_last_edited=\u00a0\u00bbon|phone\u00a0\u00bb]<\/p>\n<p>Notifiez votre pr\u00e9sence<\/p>\n<p>[\/et_pb_text][et_pb_contact_form captcha=\u00a0\u00bboff\u00a0\u00bb email=\u00a0\u00bbquentin.raimbault@notaires.fr\u00a0\u00bb custom_message=\u00a0\u00bbBonjour cher Ma\u00eetre Raimbault,||et_pb_line_break_holder||Nous avons le plaisir de vous faire savoir que votre prochain rdv vient d&rsquo;arriver et a notifi\u00e9 sa pr\u00e9sence:||et_pb_line_break_holder||||et_pb_line_break_holder||Nom &#8211; %%Nom%%||et_pb_line_break_holder||Pr\u00e9nom &#8211; %%Pr\u00e9nom%%||et_pb_line_break_holder||Heure de rdv pr\u00e9vue &#8211; %%heure%%||et_pb_line_break_holder||||et_pb_line_break_holder||Vous souhaitant une agr\u00e9able journ\u00e9e,||et_pb_line_break_holder||||et_pb_line_break_holder||Bien cordialement,||et_pb_line_break_holder||||et_pb_line_break_holder||Votre bien d\u00e9vou\u00e9 site internet. \u00a0\u00bb use_redirect=\u00a0\u00bbon\u00a0\u00bb redirect_url=\u00a0\u00bbhttps:\/\/rdv.raimbault.notaires.fr\/rairdv\/\u00a0\u00bb submit_button_text=\u00a0\u00bbNotifiez votre pr\u00e9sence\u00a0\u00bb module_id=\u00a0\u00bbet_pb_contact_form_0&Prime; _builder_version=\u00a0\u00bb4.8.1&Prime; form_field_background_color=\u00a0\u00bbrgba(0,0,0,0)\u00a0\u00bb form_field_text_color=\u00a0\u00bb#000000&Prime; form_field_font=\u00a0\u00bbRoboto Condensed|300|||||||\u00a0\u00bb form_field_font_size=\u00a0\u00bb16px\u00a0\u00bb custom_button=\u00a0\u00bbon\u00a0\u00bb button_text_size=\u00a0\u00bb15px\u00a0\u00bb button_text_color=\u00a0\u00bb#ffffff\u00a0\u00bb button_bg_color=\u00a0\u00bb#bba07a\u00a0\u00bb button_border_color=\u00a0\u00bb#bba07a\u00a0\u00bb button_border_radius=\u00a0\u00bb5px\u00a0\u00bb button_font=\u00a0\u00bbPoppins||||||||\u00a0\u00bb button_use_icon=\u00a0\u00bboff\u00a0\u00bb custom_padding=\u00a0\u00bb|40px||40px|false|true\u00a0\u00bb custom_padding_tablet=\u00a0\u00bb\u00a0\u00bb custom_padding_phone=\u00a0\u00bb\u00a0\u00bb custom_padding_last_edited=\u00a0\u00bbon|tablet\u00a0\u00bb hover_enabled=\u00a0\u00bb0&Prime; border_width_all=\u00a0\u00bb1px\u00a0\u00bb border_color_all=\u00a0\u00bbrgba(53,55,64,0.2)\u00a0\u00bb border_style_all=\u00a0\u00bbsolid\u00a0\u00bb use_border_color=\u00a0\u00bbon\u00a0\u00bb border_color=\u00a0\u00bbrgba(53,55,64,0.2)\u00a0\u00bb form_background_color=\u00a0\u00bbrgba(0,0,0,0)\u00a0\u00bb locked=\u00a0\u00bboff\u00a0\u00bb button_text_color__hover=\u00a0\u00bb#ffffff\u00a0\u00bb button_text_color__hover_enabled=\u00a0\u00bbon|hover\u00a0\u00bb button_bg_color__hover=\u00a0\u00bb#344d6c\u00a0\u00bb button_bg_color__hover_enabled=\u00a0\u00bbon|hover\u00a0\u00bb button_border_color__hover=\u00a0\u00bb#344d6c\u00a0\u00bb button_border_color__hover_enabled=\u00a0\u00bbon|hover\u00a0\u00bb button_letter_spacing__hover=\u00a0\u00bb0px\u00a0\u00bb button_letter_spacing__hover_enabled=\u00a0\u00bbon|desktop\u00a0\u00bb button_letter_spacing_hover=\u00a0\u00bb2px\u00a0\u00bb button_text_color_hover=\u00a0\u00bb#ffffff\u00a0\u00bb button_bg_color_hover=\u00a0\u00bb#3FA2F7 \u00a0\u00bb button_border_color_hover=\u00a0\u00bb#3FA2F7 \u00a0\u00bb sticky_enabled=\u00a0\u00bb0&Prime;][et_pb_contact_field field_id=\u00a0\u00bbNom\u00a0\u00bb field_title=\u00a0\u00bbNom\u00a0\u00bb _builder_version=\u00a0\u00bb4.8.1&Prime; button_text_size__hover_enabled=\u00a0\u00bboff\u00a0\u00bb button_one_text_size__hover_enabled=\u00a0\u00bboff\u00a0\u00bb button_two_text_size__hover_enabled=\u00a0\u00bboff\u00a0\u00bb button_text_color__hover_enabled=\u00a0\u00bboff\u00a0\u00bb button_one_text_color__hover_enabled=\u00a0\u00bboff\u00a0\u00bb button_two_text_color__hover_enabled=\u00a0\u00bboff\u00a0\u00bb button_border_width__hover_enabled=\u00a0\u00bboff\u00a0\u00bb button_one_border_width__hover_enabled=\u00a0\u00bboff\u00a0\u00bb button_two_border_width__hover_enabled=\u00a0\u00bboff\u00a0\u00bb button_border_color__hover_enabled=\u00a0\u00bboff\u00a0\u00bb button_one_border_color__hover_enabled=\u00a0\u00bboff\u00a0\u00bb button_two_border_color__hover_enabled=\u00a0\u00bboff\u00a0\u00bb button_border_radius__hover_enabled=\u00a0\u00bboff\u00a0\u00bb button_one_border_radius__hover_enabled=\u00a0\u00bboff\u00a0\u00bb button_two_border_radius__hover_enabled=\u00a0\u00bboff\u00a0\u00bb button_letter_spacing__hover_enabled=\u00a0\u00bboff\u00a0\u00bb button_one_letter_spacing__hover_enabled=\u00a0\u00bboff\u00a0\u00bb button_two_letter_spacing__hover_enabled=\u00a0\u00bboff\u00a0\u00bb button_bg_color__hover_enabled=\u00a0\u00bboff\u00a0\u00bb button_one_bg_color__hover_enabled=\u00a0\u00bboff\u00a0\u00bb button_two_bg_color__hover_enabled=\u00a0\u00bboff\u00a0\u00bb][\/et_pb_contact_field][et_pb_contact_field field_id=\u00a0\u00bbPr\u00e9nom\u00a0\u00bb field_title=\u00a0\u00bbPr\u00e9nom\u00a0\u00bb _builder_version=\u00a0\u00bb4.8.1&Prime; button_text_size__hover_enabled=\u00a0\u00bboff\u00a0\u00bb button_one_text_size__hover_enabled=\u00a0\u00bboff\u00a0\u00bb button_two_text_size__hover_enabled=\u00a0\u00bboff\u00a0\u00bb button_text_color__hover_enabled=\u00a0\u00bboff\u00a0\u00bb button_one_text_color__hover_enabled=\u00a0\u00bboff\u00a0\u00bb button_two_text_color__hover_enabled=\u00a0\u00bboff\u00a0\u00bb button_border_width__hover_enabled=\u00a0\u00bboff\u00a0\u00bb button_one_border_width__hover_enabled=\u00a0\u00bboff\u00a0\u00bb button_two_border_width__hover_enabled=\u00a0\u00bboff\u00a0\u00bb button_border_color__hover_enabled=\u00a0\u00bboff\u00a0\u00bb button_one_border_color__hover_enabled=\u00a0\u00bboff\u00a0\u00bb button_two_border_color__hover_enabled=\u00a0\u00bboff\u00a0\u00bb button_border_radius__hover_enabled=\u00a0\u00bboff\u00a0\u00bb button_one_border_radius__hover_enabled=\u00a0\u00bboff\u00a0\u00bb button_two_border_radius__hover_enabled=\u00a0\u00bboff\u00a0\u00bb button_letter_spacing__hover_enabled=\u00a0\u00bboff\u00a0\u00bb button_one_letter_spacing__hover_enabled=\u00a0\u00bboff\u00a0\u00bb button_two_letter_spacing__hover_enabled=\u00a0\u00bboff\u00a0\u00bb button_bg_color__hover_enabled=\u00a0\u00bboff\u00a0\u00bb button_one_bg_color__hover_enabled=\u00a0\u00bboff\u00a0\u00bb button_two_bg_color__hover_enabled=\u00a0\u00bboff\u00a0\u00bb][\/et_pb_contact_field][et_pb_contact_field field_id=\u00a0\u00bbheure\u00a0\u00bb field_title=\u00a0\u00bbHeure de votre rdv\u00a0\u00bb fullwidth_field=\u00a0\u00bbon\u00a0\u00bb _builder_version=\u00a0\u00bb4.8.1&Prime; button_text_size__hover_enabled=\u00a0\u00bboff\u00a0\u00bb button_one_text_size__hover_enabled=\u00a0\u00bboff\u00a0\u00bb button_two_text_size__hover_enabled=\u00a0\u00bboff\u00a0\u00bb button_text_color__hover_enabled=\u00a0\u00bboff\u00a0\u00bb button_one_text_color__hover_enabled=\u00a0\u00bboff\u00a0\u00bb button_two_text_color__hover_enabled=\u00a0\u00bboff\u00a0\u00bb button_border_width__hover_enabled=\u00a0\u00bboff\u00a0\u00bb button_one_border_width__hover_enabled=\u00a0\u00bboff\u00a0\u00bb button_two_border_width__hover_enabled=\u00a0\u00bboff\u00a0\u00bb button_border_color__hover_enabled=\u00a0\u00bboff\u00a0\u00bb button_one_border_color__hover_enabled=\u00a0\u00bboff\u00a0\u00bb button_two_border_color__hover_enabled=\u00a0\u00bboff\u00a0\u00bb button_border_radius__hover_enabled=\u00a0\u00bboff\u00a0\u00bb button_one_border_radius__hover_enabled=\u00a0\u00bboff\u00a0\u00bb button_two_border_radius__hover_enabled=\u00a0\u00bboff\u00a0\u00bb button_letter_spacing__hover_enabled=\u00a0\u00bboff\u00a0\u00bb button_one_letter_spacing__hover_enabled=\u00a0\u00bboff\u00a0\u00bb button_two_letter_spacing__hover_enabled=\u00a0\u00bboff\u00a0\u00bb button_bg_color__hover_enabled=\u00a0\u00bboff\u00a0\u00bb button_one_bg_color__hover_enabled=\u00a0\u00bboff\u00a0\u00bb button_two_bg_color__hover_enabled=\u00a0\u00bboff\u00a0\u00bb][\/et_pb_contact_field][\/et_pb_contact_form][\/et_pb_column][\/et_pb_row][\/et_pb_section]<\/p>\n","protected":false},"excerpt":{"rendered":"<p>Notifiez votre pr\u00e9sence<\/p>\n","protected":false},"author":1,"featured_media":0,"parent":0,"menu_order":0,"comment_status":"closed","ping_status":"closed","template":"","meta":{"_et_pb_use_builder":"on","_et_pb_old_content":"","_et_gb_content_width":"","footnotes":""},"class_list":["post-461","page","type-page","status-publish","hentry"],"yoast_head":"<!-- This site is optimized with the Yoast SEO plugin v27.4 - https:\/\/yoast.com\/product\/yoast-seo-wordpress\/ -->\n<title>Contacter votre notaire \u00e0 Aiffres - Ma\u00eetre Raimbault<\/title>\n<meta name=\"description\" content=\"Pour toute question ou demande d&#039;information compl\u00e9mentaire, vous pouvez contacter votre notaire \u00e0 Aiffres via notre site internet.\" \/>\n<meta name=\"robots\" content=\"index, follow, max-snippet:-1, max-image-preview:large, max-video-preview:-1\" \/>\n<link rel=\"canonical\" href=\"https:\/\/rdv.raimbault.notaires.fr\/rairdv\/contact-notaire\/\" \/>\n<meta property=\"og:locale\" content=\"fr_FR\" \/>\n<meta property=\"og:type\" content=\"article\" \/>\n<meta property=\"og:title\" content=\"Contacter votre notaire \u00e0 Aiffres - Ma\u00eetre Raimbault\" \/>\n<meta property=\"og:description\" content=\"Pour toute question ou demande d&#039;information compl\u00e9mentaire, vous pouvez contacter votre notaire \u00e0 Aiffres via notre site internet.\" \/>\n<meta property=\"og:url\" content=\"https:\/\/rdv.raimbault.notaires.fr\/rairdv\/contact-notaire\/\" \/>\n<meta property=\"og:site_name\" content=\"Ma\u00eetre Raimbault\" \/>\n<meta property=\"article:modified_time\" content=\"2021-04-10T12:55:14+00:00\" \/>\n<meta name=\"twitter:card\" content=\"summary_large_image\" \/>\n<script type=\"application\/ld+json\" class=\"yoast-schema-graph\">{\"@context\":\"https:\\\/\\\/schema.org\",\"@graph\":[{\"@type\":\"WebPage\",\"@id\":\"https:\\\/\\\/rdv.raimbault.notaires.fr\\\/rairdv\\\/contact-notaire\\\/\",\"url\":\"https:\\\/\\\/rdv.raimbault.notaires.fr\\\/rairdv\\\/contact-notaire\\\/\",\"name\":\"Contacter votre notaire \u00e0 Aiffres - Ma\u00eetre Raimbault\",\"isPartOf\":{\"@id\":\"https:\\\/\\\/rdv.raimbault.notaires.fr\\\/rairdv\\\/#website\"},\"datePublished\":\"2021-03-10T15:18:58+00:00\",\"dateModified\":\"2021-04-10T12:55:14+00:00\",\"description\":\"Pour toute question ou demande d'information compl\u00e9mentaire, vous pouvez contacter votre notaire \u00e0 Aiffres via notre site internet.\",\"breadcrumb\":{\"@id\":\"https:\\\/\\\/rdv.raimbault.notaires.fr\\\/rairdv\\\/contact-notaire\\\/#breadcrumb\"},\"inLanguage\":\"fr-FR\",\"potentialAction\":[{\"@type\":\"ReadAction\",\"target\":[\"https:\\\/\\\/rdv.raimbault.notaires.fr\\\/rairdv\\\/contact-notaire\\\/\"]}]},{\"@type\":\"BreadcrumbList\",\"@id\":\"https:\\\/\\\/rdv.raimbault.notaires.fr\\\/rairdv\\\/contact-notaire\\\/#breadcrumb\",\"itemListElement\":[{\"@type\":\"ListItem\",\"position\":1,\"name\":\"Accueil\",\"item\":\"https:\\\/\\\/rdv.raimbault.notaires.fr\\\/rairdv\\\/\"},{\"@type\":\"ListItem\",\"position\":2,\"name\":\"Contacter votre notaire \u00e0 Aiffres\"}]},{\"@type\":\"WebSite\",\"@id\":\"https:\\\/\\\/rdv.raimbault.notaires.fr\\\/rairdv\\\/#website\",\"url\":\"https:\\\/\\\/rdv.raimbault.notaires.fr\\\/rairdv\\\/\",\"name\":\"Ma\u00eetre Raimbault\",\"description\":\"Ma\u00eetre Raimbault, votre Notaire \u00e0 Aiffres\",\"potentialAction\":[{\"@type\":\"SearchAction\",\"target\":{\"@type\":\"EntryPoint\",\"urlTemplate\":\"https:\\\/\\\/rdv.raimbault.notaires.fr\\\/rairdv\\\/?s={search_term_string}\"},\"query-input\":{\"@type\":\"PropertyValueSpecification\",\"valueRequired\":true,\"valueName\":\"search_term_string\"}}],\"inLanguage\":\"fr-FR\"}]}<\/script>\n<!-- \/ Yoast SEO plugin. -->","yoast_head_json":{"title":"Contacter votre notaire \u00e0 Aiffres - Ma\u00eetre Raimbault","description":"Pour toute question ou demande d'information compl\u00e9mentaire, vous pouvez contacter votre notaire \u00e0 Aiffres via notre site internet.","robots":{"index":"index","follow":"follow","max-snippet":"max-snippet:-1","max-image-preview":"max-image-preview:large","max-video-preview":"max-video-preview:-1"},"canonical":"https:\/\/rdv.raimbault.notaires.fr\/rairdv\/contact-notaire\/","og_locale":"fr_FR","og_type":"article","og_title":"Contacter votre notaire \u00e0 Aiffres - Ma\u00eetre Raimbault","og_description":"Pour toute question ou demande d'information compl\u00e9mentaire, vous pouvez contacter votre notaire \u00e0 Aiffres via notre site internet.","og_url":"https:\/\/rdv.raimbault.notaires.fr\/rairdv\/contact-notaire\/","og_site_name":"Ma\u00eetre Raimbault","article_modified_time":"2021-04-10T12:55:14+00:00","twitter_card":"summary_large_image","schema":{"@context":"https:\/\/schema.org","@graph":[{"@type":"WebPage","@id":"https:\/\/rdv.raimbault.notaires.fr\/rairdv\/contact-notaire\/","url":"https:\/\/rdv.raimbault.notaires.fr\/rairdv\/contact-notaire\/","name":"Contacter votre notaire \u00e0 Aiffres - Ma\u00eetre Raimbault","isPartOf":{"@id":"https:\/\/rdv.raimbault.notaires.fr\/rairdv\/#website"},"datePublished":"2021-03-10T15:18:58+00:00","dateModified":"2021-04-10T12:55:14+00:00","description":"Pour toute question ou demande d'information compl\u00e9mentaire, vous pouvez contacter votre notaire \u00e0 Aiffres via notre site internet.","breadcrumb":{"@id":"https:\/\/rdv.raimbault.notaires.fr\/rairdv\/contact-notaire\/#breadcrumb"},"inLanguage":"fr-FR","potentialAction":[{"@type":"ReadAction","target":["https:\/\/rdv.raimbault.notaires.fr\/rairdv\/contact-notaire\/"]}]},{"@type":"BreadcrumbList","@id":"https:\/\/rdv.raimbault.notaires.fr\/rairdv\/contact-notaire\/#breadcrumb","itemListElement":[{"@type":"ListItem","position":1,"name":"Accueil","item":"https:\/\/rdv.raimbault.notaires.fr\/rairdv\/"},{"@type":"ListItem","position":2,"name":"Contacter votre notaire \u00e0 Aiffres"}]},{"@type":"WebSite","@id":"https:\/\/rdv.raimbault.notaires.fr\/rairdv\/#website","url":"https:\/\/rdv.raimbault.notaires.fr\/rairdv\/","name":"Ma\u00eetre Raimbault","description":"Ma\u00eetre Raimbault, votre Notaire \u00e0 Aiffres","potentialAction":[{"@type":"SearchAction","target":{"@type":"EntryPoint","urlTemplate":"https:\/\/rdv.raimbault.notaires.fr\/rairdv\/?s={search_term_string}"},"query-input":{"@type":"PropertyValueSpecification","valueRequired":true,"valueName":"search_term_string"}}],"inLanguage":"fr-FR"}]}},"_links":{"self":[{"href":"https:\/\/rdv.raimbault.notaires.fr\/rairdv\/wp-json\/wp\/v2\/pages\/461","targetHints":{"allow":["GET"]}}],"collection":[{"href":"https:\/\/rdv.raimbault.notaires.fr\/rairdv\/wp-json\/wp\/v2\/pages"}],"about":[{"href":"https:\/\/rdv.raimbault.notaires.fr\/rairdv\/wp-json\/wp\/v2\/types\/page"}],"author":[{"embeddable":true,"href":"https:\/\/rdv.raimbault.notaires.fr\/rairdv\/wp-json\/wp\/v2\/users\/1"}],"replies":[{"embeddable":true,"href":"https:\/\/rdv.raimbault.notaires.fr\/rairdv\/wp-json\/wp\/v2\/comments?post=461"}],"version-history":[{"count":9,"href":"https:\/\/rdv.raimbault.notaires.fr\/rairdv\/wp-json\/wp\/v2\/pages\/461\/revisions"}],"predecessor-version":[{"id":592,"href":"https:\/\/rdv.raimbault.notaires.fr\/rairdv\/wp-json\/wp\/v2\/pages\/461\/revisions\/592"}],"wp:attachment":[{"href":"https:\/\/rdv.raimbault.notaires.fr\/rairdv\/wp-json\/wp\/v2\/media?parent=461"}],"curies":[{"name":"wp","href":"https:\/\/api.w.org\/{rel}","templated":true}]}}